n 438 is divided by 10?
8
Calculate the remainder when 71 is divided by 25.
21
What is the remainder when 1479 is divided by 19?
16
What is the remainder when 213 is divided by 77?
59
Calculate the remainder when 73 is divided by 38.
35
What is the remainder when 976 is divided by 971?
5
Calculate the remainder when 15 is divided by 7.
1
What is the remainder when 18 is divided by 15?
3
What is the remainder when 488 is divided by 59?
16
Calculate the remainder when 888 is divided by 107.
32
Calculate the remainder when 413 is divided by 9.
8
What is the remainder when 2551 is divided by 18?
13
Calculate the remainder when 2859 is divided by 2851.
8
Calculate the remainder when 60 is divided by 9.
6
What is the remainder when 522 is divided by 15?
12
Calculate the remainder when 162 is divided by 152.
10
Calculate the remainder when 455 is divided by 6.
5
Calculate the remainder when 4578 is divided by 31.
21
Calculate the remainder when 267 is divided by 53.
2
Calculate the remainder when 32176 is divided by 173.
171
What is the remainder when 822 is divided by 92?
86
What is the remainder when 1260 is divided by 158?
154
What is the remainder when 3038 is divided by 80?
78
What is the remainder when 185 is divided by 9?
5
What is the remainder when 95 is divided by 28?
11
Calculate the remainder when 301 is divided by 86.
43
What is the remainder when 110 is divided by 65?
45
What is the remainder when 1457 is divided by 77?
71
What is the remainder when 290 is divided by 53?
25
Calculate the remainder when 237 is divided by 4.
1
Calculate the remainder when 124 is divided by 57.
10
Calculate the remainder when 2396 is divided by 149.
12
Calculate the remainder when 978 is divided by 322.
12
What is the remainder when 904 is divided by 132?
112
Calculate the remainder when 11634 is divided by 9.
6
What is the remainder when 279 is divided by 35?
34
Calculate the remainder when 1087 is divided by 136.
135
Calculate the remainder when 670 is divided by 224.
222
What is the remainder when 6341 is divided by 19?
14
What is the remainder when 6335 is divided by 18?
17
What is the remainder when 144 is divided by 15?
9
Calculate the remainder when 847 is divided by 87.
64
What is the remainder when 131 is divided by 54?
23
Calculate the remainder when 5401 is divided by 14.
11
Calculate the remainder when 305 is divided by 25.
5
Calculate the remainder when 2061 is divided by 7.
3
Calculate the remainder when 34 is divided by 18.
16
What is the remainder when 109 is divided by 74?
35
Calculate the remainder when 81 is divided by 69.
12
Calculate the remainder when 30 is divided by 18.
12
What is the remainder when 1100 is divided by 3?
2
Calculate the remainder when 148 is divided by 115.
33
Calculate the remainder when 1503 is divided by 79.
2
What is the remainder when 718 is divided by 32?
14
What is the remainder when 117 is divided by 40?
37
Calculate the remainder when 530 is divided by 21.
5
Calculate the remainder when 106 is divided by 23.
14
What is the remainder when 44 is divided by 15?
14
What is the remainder when 78 is divided by 10?
8
What is the remainder when 3165 is divided by 88?
85
Calculate the remainder when 446 is divided by 56.
54
Calculate the remainder when 5947 is divided by 93.
88
Calculate the remainder when 536 is divided by 25.
11
What is the remainder when 572 is divided by 23?
20
What is the remainder when 1826 is divided by 17?
7
What is the remainder when 752 is divided by 151?
148
What is the remainder when 70 is divided by 62?
8
What is the remainder when 271 is divided by 14?
5
Calculate the remainder when 544 is divided by 257.
30
What is the remainder when 394 is divided by 225?
169
What is the remainder when 565 is divided by 189?
187
What is the remainder when 1838 is divided by 20?
18
Calculate the remainder when 3080 is divided by 23.
21
Calculate the remainder when 11140 is divided by 9.
7
Calculate the remainder when 1511 is divided by 126.
125
Calculate the remainder when 352 is divided by 72.
64
Calculate the remainder when 638 is divided by 80.
78
Calculate the remainder when 770 is divided by 4.
2
What is the remainder when 426 is divided by 11?
8
What is the remainder when 19311 is divided by 87?
84
What is the remainder when 322 is divided by 81?
79
Calculate the remainder when 1021 is divided by 9.
4
Calculate the remainder when 15746 is divided by 250.
246
Calculate the remainder when 77 is divided by 20.
17
What is the remainder when 8161 is divided by 7?
6
What is the remainder when 100 is divided by 37?
26
Calculate the remainder when 117 is divided by 63.
54
Calculate the remainder when 83 is divided by 12.
11
Calculate the remainder when 543 is divided by 68.
67
Calculate the remainder when 281 is divided by 27.
11
What is the remainder when 104 is divided by 50?
4
Calculate the remainder when 92 is divided by 82.
10
Calculate the remainder when 317 is divided by 40.
37
What is the remainder when 35 is divided by 6?
5
Calculate the remainder when 108 is divided by 25.
8
What is the remainder when 1879 is divided by 47?
46
Calculate the remainder when 566 is divided by 62.
8
Calculate the remainder when 300 is divided by 22.
14
Calculate the remainder when 1979 is divided by 90.
89
What is the remainder when 258 is divided by 44?
38
Calculate the remainder when 318 is divided by 80.
78
Calculate the remainder when 84 is divided by 51.
33
What is the remainder when 212 is divided by 110?
102
Calculate the remainder when 4949 is divided by 50.
49
Calculate the remainder when 1154 is divided by 89.
86
What is the remainder when 178 is divided by 20?
18
Calculate the remainder when 362 is divided by 35.
12
What is the remainder when 323 is divided by 101?
20
What is the remainder when 188 is divided by 45?
8
What is the remainder when 4103 is divided by 54?
53
What is the remainder when 2125 is divided by 212?
5
Calculate the remainder when 254 is divided by 51.
50
What is the remainder when 39 is divided by 39?
0
Calculate the remainder when 952 is divided by 120.
112
What is the remainder when 408 is divided by 53?
37
Calculate the remainder when 164 is divided by 19.
12
Calculate the remainder when 1655 is divided by 154.
115
Calculate the remainder when 245 is divided by 82.
81
Calculate the remainder when 1112 is divided by 71.
47
What is the remainder when 13 is divided by 3?
1
Calculate the remainder when 1053 is divided by 66.
63
Calculate the remainder when 123 is divided by 27.
15
What is the remainder when 539 is divided by 27?
26
What is the remainder when 709 is divided by 272?
165
Calculate the remainder when 88 is divided by 15.
13
Calculate the remainder when 207 is divided by 49.
11
Calculate the remainder when 2878 is divided by 20.
18
Calculate the remainder when 1271 is divided by 106.
105
Calculate the remainder when 89 is divided by 68.
21
Calculate the remainder when 401 is divided by 2.
1
Calculate the remainder when 280 is divided by 5.
0
Calculate the remainder when 125 is divided by 38.
11
What is the remainder when 557 is divided by 116?
93
Calculate the remainder when 19161 is divided by 6383.
12
What is the remainder when 59 is divided by 13?
7
Calculate the remainder when 54 is divided by 40.
14
What is the remainder when 3276 is divided by 327?
6
What is the remainder when 14 is divided by 3?
2
Calculate the remainder when 262 is divided by 15.
7
What is the remainder when 60 is divided by 48?
12
Calculate the remainder when 25660 is divided by 313.
307
What is the remainder when 427 is divided by 12?
7
Calculate the remainder when 777 is divided by 370.
37
What is the remainder when 382 is divided by 24?
22
Calculate the remainder when 107 is divided by 69.
38
Calculate the remainder when 407 is divided by 112.
71
Calculate the remainder when 869 is divided by 145.
144
Calculate the remainder when 795 is divided by 96.
27
What is the remainder when 920 is divided by 21?
17
What is the remainder when 3871 is divided by 15?
1
What is the remainder when 442 is divided by 172?
98
What is the remainder when 1017 is divided by 60?
57
What is the remainder when 156 is divided by 22?
2
Calculate the remainder when 346 is divided by 51.
40
What is the remainder whe